 23951820?
2, 3, 5, 399197
What are the prime factors of 32620?
2, 5, 7, 233
What are the prime factors of 2640002?
2, 191, 6911
What are the prime factors of 6522554?
2, 863, 3779
What are the prime factors of 1451326?
2, 725663
What are the prime factors of 694899?
3, 23, 373
What are the prime factors of 497626?
2, 248813
List the prime factors of 1147006.
2, 7, 81929
What are the prime factors of 221729?
221729
List the prime factors of 345122.
2, 172561
What are the prime factors of 1234213?
61, 20233
What are the prime factors of 6284?
2, 1571
List the prime factors of 933290.
2, 5, 93329
What are the prime factors of 258300?
2, 3, 5, 7, 41
What are the prime factors of 119773?
119773
What are the prime factors of 504850?
2, 5, 23, 439
List the prime factors of 2909197.
293, 9929
List the prime factors of 265638.
2, 3, 44273
What are the prime factors of 144460?
2, 5, 31, 233
What are the prime factors of 778928?
2, 89, 547
What are the prime factors of 22772827?
7, 11, 295751
List the prime factors of 11425699.
2543, 4493
What are the prime factors of 4416534?
2, 3, 131, 1873
List the prime factors of 8742259.
8742259
What are the prime factors of 11273?
11273
List the prime factors of 15883908.
2, 3, 1323659
List the prime factors of 1846026.
2, 3, 7, 13, 23
What are the prime factors of 1373152?
2, 11, 47, 83
What are the prime factors of 94783?
13, 23, 317
What are the prime factors of 3439961?
7, 491423
List the prime factors of 148789.
19, 41, 191
List the prime factors of 90279.
3, 7, 1433
List the prime factors of 3263018.
2, 11, 71, 2089
List the prime factors of 9839.
9839
What are the prime factors of 3500292?
2, 3, 291691
What are the prime factors of 503715?
3, 5, 33581
What are the prime factors of 4127949?
3, 7, 21841
What are the prime factors of 580467?
3, 181, 1069
List the prime factors of 384590.
2, 5, 38459
List the prime factors of 131805.
3, 5, 29, 101
List the prime factors of 2022573.
3, 7, 13759
List the prime factors of 223045.
5, 31, 1439
List the prime factors of 5411296.
2, 11, 15373
What are the prime factors of 325083?
3, 11, 9851
What are the prime factors of 6535232?
2, 11, 9283
What are the prime factors of 1077991?
73, 14767
What are the prime factors of 1518533?
1518533
What are the prime factors of 2751905?
5, 13, 42337
What are the prime factors of 1555351?
7, 222193
List the prime factors of 22003066.
2, 17, 61, 103
List the prime factors of 864187.
31, 61, 457
What are the prime factors of 1253701?
1253701
What are the prime factors of 660297?
3, 11, 17, 107
What are the prime factors of 5424879?
3, 1808293
List the prime factors of 315498.
2, 3, 52583
What are the prime factors of 910738?
2, 659, 691
List the prime factors of 109100.
2, 5, 1091
List the prime factors of 357104.
2, 11, 2029
List the prime factors of 2479666.
2, 7, 37, 4787
What are the prime factors of 8753326?
2, 4376663
List the prime factors of 2609771.
577, 4523
List the prime factors of 5946073.
7, 17, 29, 1723
What are the prime factors of 5459288?
2, 682411
List the prime factors of 9579014.
2, 307, 15601
List the prime factors of 15021803.
15021803
List the prime factors of 1806634.
2, 19, 47543
What are the prime factors of 1472694?
2, 3, 103, 2383
What are the prime factors of 49968?
2, 3, 347
What are the prime factors of 6803862?
2, 3, 13, 19, 4591
List the prime factors of 3110611.
7, 127, 3499
List the prime factors of 1586110.
2, 5, 158611
What are the prime factors of 570929?
23, 103, 241
What are the prime factors of 1691896?
2, 61, 3467
List the prime factors of 1537108.
2, 384277
List the prime factors of 388145.
5, 149, 521
List the prime factors of 937728.
2, 3, 11, 37
What are the prime factors of 27059558?
2, 67, 201937
What are the prime factors of 3374435?
5, 89, 7583
List the prime factors of 18588303.
3, 487, 4241
List the prime factors of 403098.
2, 3, 23, 127
What are the prime factors of 121997?
121997
What are the prime factors of 586367?
586367
List the prime factors of 3797894.
2, 331, 5737
List the prime factors of 2111447.
13, 162419
What are the prime factors of 2050631?
11, 277, 673
What are the prime factors of 6038743?
263, 22961
List the prime factors of 10039532.
2, 1087, 2309
What are the prime factors of 1023873?
3, 43, 7937
What are the prime factors of 125832?
2, 3, 7, 107
List the prime factors of 476422.
2, 23, 10357
What are the prime factors of 25376999?
1063, 23873
What are the prime factors of 28295000?
2, 5, 5659
List the prime factors of 353099.
353099
What are the prime factors of 431715?
3, 5, 17, 1693
List the prime factors of 224406.
2, 3, 7, 13, 137
List the prime factors of 1970792.
2, 246349
What are the prime factors of 598460?
2, 5, 23, 1301
List the prime factors of 652930.
2, 5, 65293
What are the prime factors of 756416?
2, 53, 223
What are the prime factors of 24619272?
2, 3, 1025803
List the prime factors of 12014.
2, 6007
List the prime factors of 24011939.
7, 17, 201781
What are the prime factors of 2545253?
2545253
List the prime factors of 9726955.
5, 7, 19, 14627
What are the prime factors of 32625909?
3, 134263
List the prime factors of 309141.
3, 7, 701
List the prime factors of 9092367.
3, 1010263
List the prime factors of 1858315.
5, 371663
What are the prime factors of 450671?
13, 34667
List the prime factors of 1356020.
2, 5, 67801
List the prime factors of 16321619.
16321619
List the prime factors of 15131627.
7, 31, 103, 677
What are the prime factors of 503028?
2, 3, 89, 157
What are the prime factors of 9831883?
47, 209189
List the prime factors of 1581569.
11, 143779
What are the prime factors of 3489514?
2, 7, 23, 10837
What are the prime factors of 11835365?
5, 2367073
List the prime factors of 3006701.
3006701
What are the prime factors of 19106843?
7, 2729549
What are the prime factors of 3106652?
2, 19, 41, 997
What are the prime factors of 296428?
2, 11, 6737
What are the prime factors of 12057?
3, 4019
List the prime factors of 1684969.
11, 13, 11783
List the prime factors of 2471849.
41, 60289
List the prime factors of 998238.
2, 3, 29, 5737
What are the prime factors of 229463?
13, 19, 929
List the prime factors of 20688223.
29, 601, 1187
List the prime factors of 863371.
73, 11827
What are the prime factors of 651?
3, 7, 31
List the prime factors of 5744130.
2, 3, 5, 7, 17, 1609
What are the prime factors of 39253125?
3, 5, 53, 79
What are the prime factors of 719664?
2, 3, 11, 29, 47
What are the prime factors of 84258?
2, 3, 31, 151
What are the prime factors of 2510207?
7, 358601
What are the prime factors of 644055?
3, 5, 42937
What are the prime factors of 9255891?
3, 3085297
List the prime factors of 1178159.
1178159
List the prime factors of 57369.
3, 13, 1471
What are the prime factors of 2937511?
2937511
List the prime factors of 356583.
3, 118861
What are the prime factors of 174908?
2, 73, 599
List the prime factors of 388404.
2, 3, 10789
List the prime factors of 510075.
3, 5, 2267
List the prime factors of 972481.
972481
List the prime factors of 3635775.
3, 5, 11, 13, 113
List the prime factors of 9876334.
2, 13, 379859
What are the prime factors of 32580223?
13, 769, 3259
What are the prime factors of 478557?
3, 53173
What are the prime factors of 575935?
5, 229, 503
What are the prime factors of 184765?
5, 7, 5279
List the prime factors of 2366153.
773, 3061
What are the prime factors of 466813?
29, 16097
List the prime factors of 747008.
2, 1459
What are the prime factors of 25816996?
2, 2029, 3181
List the prime factors of 6539977.
31, 210967
List the prime factors of 2183346.
2, 3, 11, 11027
List the prime factors of 5539433.
17, 325849
What are the prime factors of 229933?
11, 20903
List the prime factors of 189015.
3, 5, 12601
List the prime factors of 15943199.
47, 127, 2671
What are the prime factors of 6390462?
2, 3, 13, 81929
List the prime factors of 394053.
3, 11, 11941
List the prime factors of 535478.
2, 267739
What are the prime factors of 738260?
2, 5, 36913
What are the prime factors of 16001346?
2, 3, 2666891
List the prime factors of 790108.
2, 11, 17957
List the prime factors of 3370800.
2, 3, 5, 53
List the prime factors of 555715.
5, 111143
List the prime factors of 173284.
2, 43321
List the prime 